d by b?
63
Let l(r) = -r + 5. Let q be l(3). Suppose -3*w = -t - 42, q*w - 7*w + 71 = -2*t. What is the remainder when w is divided by 5?
3
Suppose -2*h - 11 = -3*u, 5*h + 2*u - 20 = -0*h. Suppose -h*i = -4*i + 5*a - 29, 5*i + 5*a = 15. Calculate the remainder when (i/2 - 1)*-1 is divided by 2.
0
Let b(o) be the second derivative of -o**4/12 - 2*o**3/3 + 3*o**2/2 - 2*o. Let m be b(-3). Calculate the remainder when 5 is divided by m*(2 - 10/6).
1
Let l(r) = -2*r**3 + 12*r**2 + 4*r - 4. Let n(i) = -3*i**3 + 13*i**2 + 5*i - 3. Let k(v) = -4*l(v) + 3*n(v). What is the remainder when 47 is divided by k(-9)?
15
Let b = 122 + -105. Calculate the remainder when 83 is divided by b.
15
Let j = 115 - 46. Calculate the remainder when j is divided by 18.
15
Suppose 5*v + 23 = 223. What is the remainder when v is divided by 14?
12
Suppose 3*y - 7*y = -8. Suppose 0 = -z + y, z + z = -x - 29. Let t = x - -50. Calculate the remainder when 33 is divided by t.
16
Let a be 6*(-2)/(-4)*11. Suppose -4*j + 19 = -a. What is the remainder when 38 is divided by j?
12
Let g = -31 - -40. Let w = 103 + -23. Suppose 6*r = r + w. What is the remainder when r is divided by g?
7
Let w be ((-66)/12)/(2/16). Let n = -26 - w. What is the remainder when 70 is divided by n?
16
Suppose 0 = 5*v - 0*v + 20. Let b(j) = -j**3 - 3*j**2 - 2*j - 6. Let c(q) = q**3 + 9*q**2 - 11. Calculate the remainder when c(-8) is divided by b(v).
17
Let x = -16 - -18. Suppose -x*g + 265 = 3*g. Calculate the remainder when g is divided by 14.
11
Calculate the remainder when 38 - (4/(-10) - (-78)/(-30)) is divided by 11.
8
Let a(b) = -2*b + 24. Calculate the remainder when a(9) is divided by 4.
2
Let v be -18*3*(-2)/4. Suppose 4*w + p - 42 = v, -5*w + 102 = -4*p. Calculate the remainder when 53 is divided by w.
17
Suppose 4*t = 3*t + 2. Suppose 2*z - 2*y = -z + 87, -2*y + 6 = 0. Calculate the remainder when z is divided by ((-2)/t)/((-3)/33).
9
What is the remainder when 31 is divided by (1*-4)/(5/(-10))?
7
Let b be ((-2 + 1)/1)/1. Let r be (5 - 2)/(9/15). Let u = r + b. What is the remainder when 6 is divided by u?
2
What is the remainder when 63 is divided by (0 - (-2)/(-5))/((-1)/20)?
7
Let s(b) = b - 8. Let o be s(7). What is the remainder when (1 - o)*14/4 is divided by 4/(-14) + 64/28?
1
Let l = -12 + 16. Calculate the remainder when l is divided by 2.
0
Let q be (42/8)/((-3)/(-8)). Suppose -3*u + 50 - q = 0. Let x = 55 - 21. Calculate the remainder when x is divided by u.
10
Suppose -4*g + 29 = -131. What is the remainder when g is divided by 14?
12
Suppose 0 = -0*i - i + 14. What is the remainder when 52 is divided by i?
10
Let g(p) = -p - 3. Let u be g(-6). Let n be 1/(-3) + 2/6. Let i = u - n. Calculate the remainder when 8 is divided by i.
2
Suppose -2*f = -4*q + 3*q + 33, 95 = 5*q + 4*f. What is the remainder when 91 is divided by q?
22
Let b(c) = 34*c**2 + c - 4. What is the remainder when b(2) is divided by 34?
32
Let o(k) = -7*k**3 + 3*k**2 + 3*k + 3. Let i(u) = 10*u**3 - 4*u**2 - 5*u - 4. Let c(t) = -5*i(t) - 7*o(t). Calculate the remainder when c(-4) is divided by 11.
9
Suppose 0 = 2*i - 10, x + i + 7 = 14. What is the remainder when 10 is divided by x?
0
Suppose -5*f + 137 + 88 = 0. Calculate the remainder when 134 is divided by f.
44
Suppose b - 1 = -k, -2*k - 4*b = -2 - 6. Let n be 2 + k + 8 + -2. Suppose -m = -4 - n. Calculate the remainder when 19 is divided by m.
9
Suppose 3*q + 4*n = -2*q + 36, -5*n + 19 = 3*q. Calculate the remainder when 14 is divided by q.
6
Calculate the remainder when 6 is divided by (-18)/27*1*-3.
0
Let p = -2 + 33. Suppose 3*r = 2*b + 7 - 3, 28 = 5*b + 2*r. Suppose -21 - 11 = -b*x. Calculate the remainder when p is divided by x.
7
Suppose 4*k + 26 = 3*t, -4*t + 2*k - 22 = -5*t. Let b(r) = -3*r**2 + 2*r + 3. Let g be b(-4). Let n = g + 79. Calculate the remainder when n is divided by t.
12
Suppose -3*w + 8 = w. Suppose 0*b = -w*b + 36. Calculate the remainder when 34 is divided by b.
16
Calculate the remainder when 51/4*16/6 is divided by (-26)/(-2) + -4 + 3.
10
Let w = -84 + 56. Calculate the remainder when 4/(-18) - (-202)/18 is divided by (24/w)/(1/(-7)).
5
What is the remainder when 7 is divided by (-12)/(-8)*(-20)/(-6)?
2
Suppose 5*v - 112 = -g + 138, 0 = 4*v - 5*g - 229. What is the remainder when v is divided by 18?
15
Let o = 37 - 31. What is the remainder when 17 is divided by o?
5
Let z = -10 + 23. Suppose 2*l = -l + 24. What is the remainder when z is divided by l?
5
What is the remainder when 12 is divided by (51/12 - 4)*20?
2
Let z be (-4)/10 - 162/(-5). Let r = 12 - -44. Suppose 4*w + 3*n - n - r = 0, -3*w + z = -n. What is the remainder when 22 is divided by w?
10
Suppose 5 = 5*j - 15. Suppose -j*o - u = -41, -o - 2*u - u = -24. Calculate the remainder when 25 is divided by o.
7
Calculate the remainder when 44/(-33)*((-131)/2 + 1) is divided by 22.
20
Let r(h) = h**2 + 2*h - 11. Calculate the remainder when r(-6) is divided by 4.
1
Let u = -11 - -19. Let h = 143 - 97. Calculate the remainder when (h/(-1 - -3))/1 is divided by u.
7
Let t(u) = 32*u + 4. Let l be t(3). Suppose 4*g + 2*m = -2*m + l, -40 = -g - 4*m. What is the remainder when 58 is divided by g?
18
Suppose f - 38 = z - 0*z, 2*z - 26 = -f. Suppose 3*a - k = -a + 121, k = -4*a + 127. Suppose -5 - a = -3*y. Calculate the remainder when f is divided by y.
10
Let t(w) = 4*w**3 + 4*w - 3. What is the remainder when t(3) is divided by 17?
15
Let c(h) = h**2 - 4*h. What is the remainder when 57 is divided by c(6)?
9
Let t(m) = m**3 - 2*m**2 - 7*m + 3. Calculate the remainder when t(5) is divided by 15.
13
Let r = -4 + 39. Let c = r - 16. Let a(i) = i**2 - 3*i. Calculate the remainder when c is divided by a(5).
9
Let t = 43 + -25. What is the remainder when t is divided by 5?
3
Let a = 1 - -12. What is the remainder when 64 is divided by a?
12
Let w(u) = u - 18. Let n be w(9). Let r(z) = -z**3 - 9*z**2 - 3*z - 2. Calculate the remainder when r(n) is divided by 13.
12
Let s(l) = 5*l**2 - l + 1. Let w be s(1). Let o = w + 11. Suppose -36 = -g - 5*g. What is the remainder when o is divided by g?
4
Suppose -11 = -4*v + 33. Calculate the remainder when 75 is divided by v.
9
Let p be (-14)/4*12/(-7). Suppose -3*k = -p*k + 36. Calculate the remainder when 35 is divided by k.
11
Let r = 5 - -2. Suppose 2*t - 36 = 5*w, 4*w - 36 = -2*t - 0*w. Calculate the remainder when t is divided by r.
4
Let j(z) = -z**3 + 9*z**2 - 9*z + 11. Let g be j(8). Suppose 117 = g*p - 0*p. Calculate the remainder when p is divided by 20.
19
Let l(x) = -x**2. Let v(j) = 7*j**2 + 6*j + 2. Let n(w) = -6*l(w) - v(w). Calculate the remainder when 20 is divided by n(-4).
2
Let i = -6 + 2. Let f(c) = -c + 1. What is the remainder when (-2)/(-2) - (-17 - -5) is divided by f(i)?
3
Let b(u) = -30*u**2 - u. Let i be b(-1). Let w = i - -40. Calculate the remainder when 1 - 12/(-4)*10 is divided by w.
9
Let v(p) = -2*p - 7. Calculate the remainder when 26 is divided by v(-11).
11
Let o = 166 + -4. Calculate the remainder when o is divided by 33.
30
Suppose 0 = -5*c + 4*t - 171, 5*t + 75 = -c - c. Let b = c - -54. Calculate the remainder when b is divided by 7.
5
Suppose 31*w + 3*x + 21 = 32*w, -5*x + 7 = 3*w. Calculate the remainder when (1 + -2)*(-34)/2 is divided by w.
8
Suppose -36 = -3*t + 18. Suppose 0 = 4*d - 3*d - 69. What is the remainder when d is divided by t?
15
Suppose -25 = 5*p - 10. Let a be p/(-2)*(4 - -2). Calculate the remainder when 20 is divided by (-1 - (0 - -1)) + a.
6
Calculate the remainder when 155/4 - (-9)/36 is divided by 21.
18
Let p = -58 - -60. Calculate the remainder when 10 is divided by p.
0
Suppose -h + 12*h - 253 = 0. What is the remainder when 43 is divided by h?
20
Suppose 12 = -2*y - y. Let m = y + 6. Calculate the remainder when 7 is divided by m.
1
Let y(p) = -p**2 + 10*p + 3. Suppose -5*q = 5*a - 25, 5*a - 2*q - 3*q = 15. What is the remainder when (-54)/3*a/(-2) is divided by y(8)?
17
Let c(q) = -q**2 + 8*q - 3. Let l be (2 - 2)*(-1)/(-2). Suppose l*y = -y + 11. What is the remainder when y is divided by c(7)?
3
Let y(p) = -14*p - 1. Calculate the remainder when y(-5) is divided by (6/9)/(5/135).
15
Let s be ((72/(-1))/4)/(-1). Suppose 0 = -4*u - u. Suppose -3*z + s - 3 = u. What is the re